actors of 97118.
2, 7, 991
What are the prime factors of 845719?
7, 120817
What are the prime factors of 22197552?
2, 3, 13, 35573
What are the prime factors of 298205?
5, 19, 43, 73
List the prime factors of 250721.
250721
List the prime factors of 323009.
323009
What are the prime factors of 3438111?
3, 1146037
What are the prime factors of 210174?
2, 3, 23, 1523
List the prime factors of 3742945.
5, 748589
List the prime factors of 4193608.
2, 524201
List the prime factors of 12353965.
5, 13, 31, 6131
List the prime factors of 14095678.
2, 7047839
What are the prime factors of 11048289?
3, 7, 101, 5209
What are the prime factors of 142891?
7, 137, 149
List the prime factors of 31279775.
5, 31, 40361
List the prime factors of 198824.
2, 29, 857
List the prime factors of 102019.
102019
What are the prime factors of 2774147?
971, 2857
What are the prime factors of 25604736?
2, 3, 131, 509
What are the prime factors of 30927051?
3, 3436339
List the prime factors of 111541.
71, 1571
What are the prime factors of 348086?
2, 269, 647
List the prime factors of 4361386.
2, 2180693
What are the prime factors of 1210733?
367, 3299
List the prime factors of 79461.
3, 109
What are the prime factors of 3275323?
419, 7817
What are the prime factors of 4596863?
397, 11579
What are the prime factors of 226211?
47, 4813
List the prime factors of 18364191.
3, 6121397
What are the prime factors of 237703?
467, 509
What are the prime factors of 26770?
2, 5, 2677
List the prime factors of 183323.
7, 26189
List the prime factors of 957872.
2, 131, 457
List the prime factors of 416636.
2, 11, 17, 557
What are the prime factors of 2396228?
2, 79, 7583
List the prime factors of 7221397.
179, 40343
List the prime factors of 283099.
283099
List the prime factors of 1635502.
2, 11, 17, 4373
What are the prime factors of 1755222?
2, 3, 7, 23, 79
List the prime factors of 272260.
2, 5, 13613
What are the prime factors of 29448559?
7, 37, 439
What are the prime factors of 119092?
2, 19, 1567
List the prime factors of 1208802.
2, 3, 7, 17, 1693
What are the prime factors of 2863363?
2863363
What are the prime factors of 5024735?
5, 59, 17033
What are the prime factors of 516529?
13, 39733
List the prime factors of 2269099.
7, 37, 8761
List the prime factors of 1632340.
2, 5, 17, 4801
What are the prime factors of 10920417?
3, 829, 4391
List the prime factors of 8629.
8629
List the prime factors of 2278108.
2, 7, 59, 197
What are the prime factors of 183965?
5, 36793
List the prime factors of 358289.
358289
List the prime factors of 4024828.
2, 103, 9769
List the prime factors of 172221.
3, 7, 59, 139
What are the prime factors of 389923?
389923
What are the prime factors of 283514?
2, 7, 11, 263
What are the prime factors of 539300?
2, 5, 5393
List the prime factors of 4108163.
4108163
List the prime factors of 73303.
73303
What are the prime factors of 273112?
2, 7, 4877
What are the prime factors of 277223?
277223
What are the prime factors of 12105615?
3, 5, 17, 29, 1637
What are the prime factors of 5550225?
3, 5, 43, 1721
List the prime factors of 1295139.
3, 349, 1237
List the prime factors of 7312576.
2, 114259
What are the prime factors of 121559?
121559
List the prime factors of 394249.
394249
What are the prime factors of 456707?
61, 7487
What are the prime factors of 4059237?
3, 7, 13, 14869
What are the prime factors of 96607?
7, 37, 373
What are the prime factors of 2255558?
2, 131, 8609
List the prime factors of 1210475.
5, 7, 6917
What are the prime factors of 622234?
2, 17, 18301
List the prime factors of 1986828.
2, 3, 165569
What are the prime factors of 1163219?
29, 40111
What are the prime factors of 1031421?
3, 89, 3863
List the prime factors of 4062696.
2, 3, 11, 1399
List the prime factors of 221545.
5, 59, 751
What are the prime factors of 6667037?
13, 512849
List the prime factors of 200254.
2, 223, 449
What are the prime factors of 3803002?
2, 7, 17, 19, 29
List the prime factors of 441973.
7, 103, 613
List the prime factors of 2759763.
3, 17, 53, 1021
List the prime factors of 782606.
2, 11, 35573
What are the prime factors of 3883492?
2, 97, 10009
What are the prime factors of 17485?
5, 13, 269
What are the prime factors of 6833269?
17, 401957
What are the prime factors of 390849?
3, 19, 6857
What are the prime factors of 43428?
2, 3, 7, 11, 47
What are the prime factors of 173062?
2, 86531
What are the prime factors of 356687?
19, 18773
List the prime factors of 4413865.
5, 882773
What are the prime factors of 2725299?
3, 100937
What are the prime factors of 734289?
3, 157, 1559
What are the prime factors of 212110?
2, 5, 21211
What are the prime factors of 13066808?
2, 211, 7741
What are the prime factors of 604542?
2, 3, 19, 5303
What are the prime factors of 2248442?
2, 7, 160603
What are the prime factors of 297401?
13, 22877
List the prime factors of 1344410.
2, 5, 233, 577
List the prime factors of 3293310.
2, 3, 5, 151, 727
List the prime factors of 1420057.
1420057
What are the prime factors of 257579?
7, 31, 1187
List the prime factors of 217324.
2, 54331
List the prime factors of 29475144.
2, 3, 17, 23, 349
What are the prime factors of 18000142?
2, 643, 13997
What are the prime factors of 9173462?
2, 4586731
What are the prime factors of 8729456?
2, 103, 5297
List the prime factors of 155056.
2, 11, 881
List the prime factors of 26268.
2, 3, 11, 199
List the prime factors of 622323.
3, 13, 197
What are the prime factors of 3576247?
23, 61, 2549
List the prime factors of 2257524.
2, 3, 20903
List the prime factors of 101340.
2, 3, 5, 563
List the prime factors of 314448.
2, 3, 6551
List the prime factors of 485813.
109, 4457
What are the prime factors of 431273?
17, 23, 1103
What are the prime factors of 3414163?
3414163
List the prime factors of 941055.
3, 5, 43, 1459
List the prime factors of 1671994.
2, 835997
List the prime factors of 988214.
2, 494107
What are the prime factors of 262263?
3, 87421
List the prime factors of 104282.
2, 23, 2267
List the prime factors of 1197521.
13, 251, 367
What are the prime factors of 569031?
3, 19, 67, 149
List the prime factors of 22506487.
17, 107, 12373
List the prime factors of 207234.
2, 3, 29, 397
List the prime factors of 103769.
103769
What are the prime factors of 1054578?
2, 3, 7, 17, 211
List the prime factors of 88581.
3, 29527
What are the prime factors of 1763267?
11, 157, 1021
What are the prime factors of 4721105?
5, 197, 4793
List the prime factors of 285928.
2, 103, 347
List the prime factors of 325776.
2, 3, 11, 617
List the prime factors of 45396662.
2, 19, 1093
List the prime factors of 19626445.
5, 61, 229, 281
List the prime factors of 47709.
3, 19, 31
What are the prime factors of 937897?
19, 49363
What are the prime factors of 25761024?
2, 3, 3727
List the prime factors of 4329996.
2, 3, 11, 32803
List the prime factors of 16946112.
2, 3, 88261
List the prime factors of 11396.
2, 7, 11, 37
What are the prime factors of 550049?
550049
What are the prime factors of 386171?
89, 4339
List the prime factors of 226800.
2, 3, 5, 7
What are the prime factors of 12882053?
163, 79031
What are the prime factors of 11387168?
2, 13, 31, 883
What are the prime factors of 233726?
2, 23, 5081
List the prime factors of 101181.
3, 29, 1163
What are the prime factors of 4600972?
2, 1150243
List the prime factors of 2227656.
2, 3, 101, 919
List the prime factors of 542524.
2, 23, 5897
List the prime factors of 13969405.
5, 251, 11131
List the prime factors of 130656.
2, 3, 1361
What are the prime factors of 373495?
5, 74699
What are the prime factors of 53708?
2, 29, 463
What are the prime factors of 24714910?
2, 5, 11, 83, 2707
What are the prime factors of 382330?
2, 5, 13, 17, 173
What are the prime factors of 140490?
2, 3, 5, 7, 223
List the prime factors of 143133.
3, 47711
List the prime factors of 1492842.
2, 3, 13, 19139
List the prime factors of 58242.
2, 3, 17, 571
List the prime factors of 428998.
2, 214499
What are the prime factors of 491177?
67, 7331
List the prime factors of 3204838.
2, 7, 13, 17609
What are the prime factors of 5035595?
5, 1007119
List the prime factors of 367548.
2, 3, 109, 281
List the prime factors of 2500160.
2, 5, 13, 601
List the prime factors of